{"id":25994,"date":"2025-12-19T21:55:39","date_gmt":"2025-12-19T20:55:39","guid":{"rendered":"https:\/\/butorpont.com\/?post_type=product&#038;p=25994"},"modified":"2026-01-21T17:41:41","modified_gmt":"2026-01-21T16:41:41","slug":"chesty-sofa","status":"publish","type":"product","link":"https:\/\/butorpont.com\/de\/termek\/chesty-sofa\/","title":{"rendered":"Chesty Sofa"},"content":{"rendered":"<p data-start=\"130\" data-end=\"378\">A Chesterfield kanap\u00e9 a <strong data-start=\"154\" data-end=\"201\">klasszikus elegancia \u00e9s id\u0151t\u00e1ll\u00f3 formavil\u00e1g<\/strong> ikonikus k\u00e9pvisel\u0151je. Jellegzetes, gombolt h\u00e1tt\u00e1ml\u00e1ja \u00e9s karf\u00e1ja karakteres megjelen\u00e9st biztos\u00edt, amely klasszikus \u00e9s modern enteri\u0151r\u00f6kben egyar\u00e1nt kifinomult hangs\u00falyt teremt.<\/p>\n<ul>\n<li data-start=\"490\" data-end=\"524\">\n<p data-start=\"492\" data-end=\"524\"><strong data-start=\"492\" data-end=\"508\">3 szem\u00e9lyes:<\/strong> 225 cm sz\u00e9les<\/p>\n<\/li>\n<li data-start=\"490\" data-end=\"524\">M\u00e9lys\u00e9g: 100 cm<\/li>\n<li data-start=\"490\" data-end=\"524\">\n<p data-start=\"492\" data-end=\"524\">Magass\u00e1g: 75 cm<\/p>\n<\/li>\n<li data-start=\"490\" data-end=\"524\">\n<p data-start=\"492\" data-end=\"524\">\u00dcl\u0151magass\u00e1g: 48 cm<\/p>\n<\/li>\n<li data-start=\"490\" data-end=\"524\">\n<p data-start=\"492\" data-end=\"524\">L\u00e1b magass\u00e1g: 15 cm<\/p>\n<\/li>\n<li data-start=\"490\" data-end=\"524\">\n<p data-start=\"492\" data-end=\"524\"><strong data-start=\"527\" data-end=\"543\">2 szem\u00e9lyes:<\/strong> 185 cm sz\u00e9les<\/p>\n<\/li>\n<li data-start=\"490\" data-end=\"524\">M\u00e9lys\u00e9g: 100 cm<\/li>\n<li data-start=\"490\" data-end=\"524\">\n<p data-start=\"492\" data-end=\"524\">Magass\u00e1g: 75 cm<\/p>\n<\/li>\n<li data-start=\"490\" data-end=\"524\">\n<p data-start=\"492\" data-end=\"524\">\u00dcl\u0151magass\u00e1g: 48 cm<\/p>\n<\/li>\n<li data-start=\"490\" data-end=\"524\">\n<p data-start=\"492\" data-end=\"524\">L\u00e1b magass\u00e1g: 15 cm<\/p>\n<\/li>\n<\/ul>\n<p data-start=\"380\" data-end=\"676\">Nem \u00e1gyazhat\u00f3 kialak\u00edt\u00e1s\u00e1nak k\u00f6sz\u00f6nhet\u0151en els\u0151sorban <strong data-start=\"433\" data-end=\"459\">k\u00e9nyelmes \u00fcl\u0151b\u00fatork\u00e9nt<\/strong> funkcion\u00e1l, ide\u00e1lis v\u00e1laszt\u00e1s nappaliba, irod\u00e1ba, v\u00e1r\u00f3helyis\u00e9gbe vagy vend\u00e9gt\u00e9rbe. A kanap\u00e9 <strong data-start=\"552\" data-end=\"591\">t\u00f6bbf\u00e9le sz\u00ednben \u00e9s sz\u00f6vetk\u00e1rpittal<\/strong> \u00e9rhet\u0151 el, \u00edgy k\u00f6nnyed\u00e9n az adott t\u00e9r st\u00edlus\u00e1hoz \u00e9s az egy\u00e9ni ig\u00e9nyekhez igaz\u00edthat\u00f3.<\/p>\n<p data-start=\"678\" data-end=\"851\">Massz\u00edv szerkezete \u00e9s min\u0151s\u00e9gi anyaghaszn\u00e1lata hossz\u00fa t\u00e1von is megb\u00edzhat\u00f3, komfortos haszn\u00e1latot biztos\u00edt, mik\u00f6zben a Chesterfield diz\u00e1jn eleg\u00e1ns karaktert ad a helyis\u00e9gnek.<\/p>\n","protected":false},"excerpt":{"rendered":"<p>A nem \u00e1gyazhat\u00f3 Chesterfield kanap\u00e9 egy ikonikus, gombol\u00e1ssal d\u00edsz\u00edtett, eleg\u00e1ns megjelen\u00e9s\u0171 b\u00fator, fix \u00fcl\u0151fel\u00fclettel. Klasszikus, id\u0151t\u00e1ll\u00f3 st\u00edlusa a nappali k\u00f6zponti darabj\u00e1v\u00e1 teszi.<\/p>\n","protected":false},"featured_media":26213,"comment_status":"open","ping_status":"closed","template":"","meta":{"_seopress_robots_primary_cat":"","_seopress_titles_title":"","_seopress_titles_desc":"","_seopress_robots_index":"","_kadence_starter_templates_imported_post":true,"_swpsp_post_exclude":false,"_kad_post_transparent":"default","_kad_post_title":"","_kad_post_layout":"default","_kad_post_sidebar_id":"","_kad_post_content_style":"default","_kad_post_vertical_padding":"default","_kad_post_feature":"","_kad_post_feature_position":"","_kad_post_header":false,"_kad_post_footer":false,"_kad_post_classname":""},"product_brand":[],"product_cat":[26,272],"product_tag":[],"class_list":{"0":"post-25994","1":"product","2":"type-product","3":"status-publish","4":"has-post-thumbnail","6":"product_cat-nappali","7":"product_cat-ulogarnitura","8":"product_shipping_class-nagytermek","10":"first","11":"instock","12":"taxable","13":"shipping-taxable","14":"purchasable","15":"product-type-variable","16":"entry","17":"content-bg","18":"loop-entry"},"translation":{"provider":"WPGlobus","version":"3.0.2","language":"de","enabled_languages":["hu","en","de"],"languages":{"hu":{"title":true,"content":true,"excerpt":true},"en":{"title":false,"content":false,"excerpt":false},"de":{"title":false,"content":false,"excerpt":false}}},"_links":{"self":[{"href":"https:\/\/butorpont.com\/de\/wp-json\/wp\/v2\/product\/25994","targetHints":{"allow":["GET"]}}],"collection":[{"href":"https:\/\/butorpont.com\/de\/wp-json\/wp\/v2\/product"}],"about":[{"href":"https:\/\/butorpont.com\/de\/wp-json\/wp\/v2\/types\/product"}],"replies":[{"embeddable":true,"href":"https:\/\/butorpont.com\/de\/wp-json\/wp\/v2\/comments?post=25994"}],"wp:featuredmedia":[{"embeddable":true,"href":"https:\/\/butorpont.com\/de\/wp-json\/wp\/v2\/media\/26213"}],"wp:attachment":[{"href":"https:\/\/butorpont.com\/de\/wp-json\/wp\/v2\/media?parent=25994"}],"wp:term":[{"taxonomy":"product_brand","embeddable":true,"href":"https:\/\/butorpont.com\/de\/wp-json\/wp\/v2\/product_brand?post=25994"},{"taxonomy":"product_cat","embeddable":true,"href":"https:\/\/butorpont.com\/de\/wp-json\/wp\/v2\/product_cat?post=25994"},{"taxonomy":"product_tag","embeddable":true,"href":"https:\/\/butorpont.com\/de\/wp-json\/wp\/v2\/product_tag?post=25994"}],"curies":[{"name":"wp","href":"https:\/\/api.w.org\/{rel}","templated":true}]}}

<p data-start="130" data-end="378">A Chesterfield kanapé a <strong data-start="154" data-end="201">klasszikus elegancia és időtálló formavilág</strong> ikonikus képviselője. Jellegzetes, gombolt háttámlája és karfája karakteres megjelenést biztosít, amely klasszikus és modern enteriőrökben egyaránt kifinomult hangsúlyt teremt.</p>
<ul>
<li data-start="490" data-end="524">
<p data-start="492" data-end="524"><strong data-start="492" data-end="508">3 személyes:</strong> 225 cm széles</p>
</li>
<li data-start="490" data-end="524">Mélység: 100 cm</li>
<li data-start="490" data-end="524">
<p data-start="492" data-end="524">Magasság: 75 cm</p>
</li>
<li data-start="490" data-end="524">
<p data-start="492" data-end="524">Ülőmagasság: 48 cm</p>
</li>
<li data-start="490" data-end="524">
<p data-start="492" data-end="524">Láb magasság: 15 cm</p>
</li>
<li data-start="490" data-end="524">
<p data-start="492" data-end="524"><strong data-start="527" data-end="543">2 személyes:</strong> 185 cm széles</p>
</li>
<li data-start="490" data-end="524">Mélység: 100 cm</li>
<li data-start="490" data-end="524">
<p data-start="492" data-end="524">Magasság: 75 cm</p>
</li>
<li data-start="490" data-end="524">
<p data-start="492" data-end="524">Ülőmagasság: 48 cm</p>
</li>
<li data-start="490" data-end="524">
<p data-start="492" data-end="524">Láb magasság: 15 cm</p>
</li>
</ul>
<p data-start="380" data-end="676">Nem ágyazható kialakításának köszönhetően elsősorban <strong data-start="433" data-end="459">kényelmes ülőbútorként</strong> funkcionál, ideális választás nappaliba, irodába, váróhelyiségbe vagy vendégtérbe. A kanapé <strong data-start="552" data-end="591">többféle színben és szövetkárpittal</strong> érhető el, így könnyedén az adott tér stílusához és az egyéni igényekhez igazítható.</p>
<p data-start="678" data-end="851">Masszív szerkezete és minőségi anyaghasználata hosszú távon is megbízható, komfortos használatot biztosít, miközben a Chesterfield dizájn elegáns karaktert ad a helyiségnek.</p>

<p>A nem ágyazható Chesterfield kanapé egy ikonikus, gombolással díszített, elegáns megjelenésű bútor, fix ülőfelülettel. Klasszikus, időtálló stílusa a nappali központi darabjává teszi.</p>
